late x(2).
4
Let a(c) = -2*c**2 - 16*c - 29. Give a(-6).
-5
Let d(h) = -7*h**2 - 5*h + 1. Calculate d(-4).
-91
Let f(s) = s**2 + 2*s - 8. Determine f(-8).
40
Let d(p) = -p**2 - 30*p + 32. Determine d(-31).
1
Let h(i) = 5*i**3 - i**2 + 1. Give h(-1).
-5
Let y(f) = f**2 + 7*f - 1. Give y(-6).
-7
Let d(i) = i**2 + i. Give d(4).
20
Let n(h) = h**3 + 14*h**2 - 13*h - 30. Give n(-15).
-60
Let n(b) = 4*b + 6. Give n(-11).
-38
Let u(t) = -4*t - 6. What is u(-3)?
6
Let g(d) = -d**3 - 16*d**2 - 14*d + 3. Give g(-15).
-12
Let c(f) = -8*f**3 + f**2 + 2*f + 2. Give c(-1).
9
Let o(k) = -3*k**2 - 5*k. What is o(-5)?
-50
Let h(p) = p**3 - 42*p**2 + 85*p - 187. Calculate h(40).
13
Let r(s) = s**3 - 10*s + 8. What is r(3)?
5
Let a(m) = -m**2 + 32*m - 87. Give a(31).
-56
Let w(l) = -l**2 - 13*l - 12. Give w(-10).
18
Let c(u) = u**3 + 4*u**2 - 5*u + 14. Determine c(-6).
-28
Let p(q) = 3*q + 30. Calculate p(-8).
6
Let c(j) = j**3 + 20*j**2 + 51*j - 6. Determine c(-17).
-6
Let l(j) = 66*j**2 + 3*j. Give l(1).
69
Let x(o) = o**3 - o**2 - 30*o - 5. What is x(6)?
-5
Let x(i) = -i**2 - 2. Calculate x(4).
-18
Let f(z) = -z + 11. Determine f(11).
0
Let f(z) = -z**2 + 11*z - 8. Give f(8).
16
Let i(n) = 2*n**2 + 15*n + 19. Determine i(-6).
1
Let t(o) = -o**3 + 9*o**2 + o - 11. Determine t(9).
-2
Let v(z) = -z**2 - 18*z - 5. Determine v(-17).
12
Let s(i) = -i**2 + 41*i - 45. Give s(40).
-5
Let n(z) = z**2 - 9*z + 8. What is n(5)?
-12
Let u(f) = f**2 + 4. Determine u(-5).
29
Let p(u) = 2*u**3 - 16*u**2 + 13*u + 8. Calculate p(7).
1
Let h(m) = -2*m**2 + 2*m + 16. Determine h(0).
16
Let x(v) = v**3 + 9*v**2 - 3*v - 10. Give x(-9).
17
Let v(t) = 15*t + 3. What is v(1)?
18
Let q(d) = d**2 - 6*d + 5. Calculate q(3).
-4
Let n(c) = 2*c**2 + 29*c - 79. What is n(-17)?
6
Let w(o) = 7*o**3 + 2*o**2 + 3*o + 2. Give w(-2).
-52
Let q(l) = l**3 - 3*l**2 - 7*l - 10. Give q(5).
5
Let s(b) = 2*b + 4. Give s(-5).
-6
Let f(w) = 5*w - 5. Determine f(0).
-5
Let z(b) = b**2 + b + 2. Determine z(-4).
14
Let b(l) = -l**3 + 15*l**2 - 12*l - 23. Give b(14).
5
Let p(z) = 19*z - 55. What is p(3)?
2
Let n(b) = 3*b + 16. Give n(5).
31
Let d(n) = -21*n**2 - 3*n - 2. What is d(-1)?
-20
Let k(v) = -v**3 - 5*v**2 + 2. Give k(-3).
-16
Let f(y) = 3*y**2 - 12*y - 6. What is f(5)?
9
Let p(h) = 7*h**2 + 3*h - 2. Give p(1).
8
Let w(t) = -t + 37. What is w(42)?
-5
Let j(k) = k**3 - 4*k**2 - 4*k - 8. Determine j(6).
40
Let f(k) = 18*k + 57. Determine f(-4).
-15
Let d(k) = 12*k**2 + 2*k + 1. What is d(-2)?
45
Let x(o) = o**3 + 11*o**2 + 11*o - 12. Give x(-10).
-22
Let m(f) = f**3 + 2*f**2 - 2*f. Give m(-4).
-24
Let m(t) = -7*t**2 + t - 1. Calculate m(1).
-7
Let c(g) = -4*g + 26. Give c(14).
-30
Let v(p) = -p**3 + 12*p**2 + 13*p + 32. Determine v(13).
32
Let v(n) = -3*n**2 - 38*n + 14. What is v(-13)?
1
Let n(m) = -m**2 + 10*m - 1. What is n(5)?
24
Let l(h) = -2*h + 28. Give l(17).
-6
Let t(v) = -7*v + 3. Give t(2).
-11
Let l(r) = -r**3 - 4*r**2 + 3*r - 3. Calculate l(-5).
7
Let x(o) = o**3 + 3*o**2 - 5*o - 2. Calculate x(-4).
2
Let l(h) = h**3 + 2*h**2 - 5*h - 7. What is l(-2)?
3
Let c(j) = j**3 + 13*j**2 + 12*j - 12. Calculate c(-12).
-12
Let b(p) = -22*p + 15. Calculate b(1).
-7
Let x(p) = p + 1. Calculate x(-6).
-5
Let x(n) = n**3 - 7*n**2 - 6*n + 14. What is x(7)?
-28
Let a(u) = 4*u + 17. Determine a(9).
53
Let x(r) = 29*r**2 - 2*r + 1. Calculate x(1).
28
Let g(h) = h**2 + 3*h - 7. Give g(-6).
11
Let h(x) = x**2 - 4*x - 12. Give h(5).
-7
Let g(m) = -m**3 - 18*m**2 - 14*m + 6. Calculate g(-17).
-45
Let j(d) = d**3 + 11*d**2 + 24*d - 11. What is j(-6)?
25
Let i(l) = -l**3 + l**2 + l - 2. What is i(2)?
-4
Let x(p) = 6*p**2 - 10*p + 3. Calculate x(2).
7
Let s(q) = q**3 + 2*q**2 - 6*q - 7. What is s(-4)?
-15
Let t(u) = -u**2 - 10*u + 29. Give t(-12).
5
Let u(x) = x**2 - 2*x + 6. What is u(0)?
6
Let n(q) = q**3 - 7*q**2 - 11*q + 15. Give n(8).
-9
Let v(y) = 7*y - 50. Calculate v(7).
-1
Let y(w) = 7*w**2 + w. Calculate y(-2).
26
Let u(t) = -12*t - 2. Calculate u(-1).
10
Let f(v) = v**3 + 2*v**2 - 5*v + 6. Determine f(0).
6
Let u(g) = 14*g + 801. What is u(-57)?
3
Let v(n) = -n**3 + 4*n**2 - 2*n + 3. What is v(3)?
6
Let c(x) = -2*x + 10. What is c(9)?
-8
Let b(u) = 10*u - 61. Give b(6).
-1
Let d(t) = -t**2 + 22*t - 14. Give d(22).
-14
Let x(s) = -7*s**3 - s**2 - 4*s + 5. Determine x(2).
-63
Let g(r) = -7*r**2 + 10*r - 4. What is g(2)?
-12
Let x(r) = 2*r**3 - 22*r**2 - 3*r + 36. Give x(11).
3
Let m(g) = -g**2 - 2*g + 12. Give m(-5).
-3
Let l(y) = -4*y**3 + 5*y**2 - 8*y + 2. What is l(1)?
-5
Let k(s) = -2*s**2 + 13*s - 9. What is k(5)?
6
Let c(z) = 13*z - 161. Give c(12).
-5
Let l(d) = d**2 + d + 13. Give l(0).
13
Let u(g) = -2*g**2 - 28*g - 1. Give u(-14).
-1
Let h(i) = 49*i + 23. Give h(4).
219
Let o(a) = a**3 + 16*a**2 - 2*a - 25. Give o(-16).
7
Let y(t) = t**2 - 23*t - 27. What is y(24)?
-3
Let p(d) = -2*d**2 + 7*d - 5. Determine p(5).
-20
Let l(g) = -g - 11. Determine l(-6).
-5
Let c(v) = -v**3 + 2*v**2 + 5*v + 10. Give c(-4).
86
Let i(z) = z**2 + z + 9. Give i(-9).
81
Let b(o) = o**2 - 14*o - 53. Calculate b(18).
19
Let y(b) = -3*b + 18. What is y(16)?
-30
Let s(j) = -j**2 - j + 7. Give s(0).
7
Let o(p) = p**2 + 14*p + 7. What is o(-12)?
-17
Let q(a) = -6*a**3 + a**2 - a + 2. Determine q(-2).
56
Let t(s) = 2*s + 32. What is t(-8)?
16
Let r(a) = 13*a - 327. What is r(26)?
11
Let m(q) = -q**3 + 7*q**2 - 4. Calculate m(7).
-4
Let h(o) = 2*o**3 - 22*o**2 - 7*o - 24. Calculate h(11).
-101
Let y(a) = -a**2 + 10*a - 25. Determine y(7).
-4
Let j(k) = 3*k**3 + 2*k**2 - 4*k - 6. Determine j(-3).
-57
Let v(s) = -2*s + 7. Determine v(2).
3
Let i(k) = -20*k**3 + 2*k**2 + 3*k + 1. Give i(-1).
20
Let f(o) = -o**3 - o**2 + 3*o - 2. Determine f(1).
-1
Let r(s) = 2*s**3 + 8*s**2 + 6*s. Determine r(-4).
-24
Let w(h) = -3*h**2 + h + 16. What is w(-8)?
-184
Let p(w) = 2*w**2 - 8*w + 13. Calculate p(4).
13
Let k(u) = u**3 + 11*u**2 + 1. Determine k(-11).
1
Let b(j) = j**3 + j + 7. Determine b(0).
7
Let z(v) = v**3 + 12*v**2 + 17*v - 23. Give z(-10).
7
Let o(b) = b**2 - 7*b - 2. Calculate o(3).
-14
Let v(q) = -4*q**2 - 4*q. Calculate v(-2).
-8
Let o(s) = -s - 7. Determine o(8).
-15
Let o(x) = x**3 - 6*x**2 - 17*x + 13. Determine o(8).
5
Let f(x) = 5*x - 15. What is f(18)?
75
Let m(y) = -y**2 + 32*y - 201. Give m(8).
-9
Let z(l) = -19*l**2 - 7*l + 6. Calculate z(1).
-20
Let z(d) = d + 11. What is z(-8)?
3
Let t(q) = -5*q - 115. Calculate t(-21).
-10
Let h(m) = -3*m**2 - 2*m - 7. Give h(-3).
-28
Let u(c) = -c + 17. What is u(19)?
-2
Let o(z) = -z**3 - 14*z**2 - 12*z - 8. Give o(-13).
-21
Let k(o) = -o**2 - 10*o + 3. Give k(-16).
-93
Let b(d) = -2*d**2 - 18*d + 15. Give b(-10).
-5
Let l(h) = h**3 - 19*h**2 - 17*h - 28. What is l(20)?
32
Let o(a) = 3*a - 31. Calculate o(11).
2
Let z(f) = -f**2 - 12*f - 9. Calculate z(-11).
2
Let j(x) = x**2 + 5*x + 8. Determine j(-5).
8
Let s(b) = b**3 + 9*b**2 + 10*b + 8. Give s(-8).
-8
Let x(z) = 21*z**2 - z - 2. What is x(-1)?
20
Let p(u) = 4*u**2 - 8*u - 4. What is p(3)?
8
Let w(b) = b + 18. Determine w(-22).
-4
Let f(y) = -5*y + 109. What is f(21)?
4
Let y(m) = m**3 - 3*m**2 - 5*m + 6. Calculate y(4).
2
Let b(k) = k**2 - 16*k - 26. Calculate b(15).
-41
Let n(w) = -w**2 - w + 1. Determine n(3).
-11
Let k(z) = 72*z + 12. Give k(1).
84
Let h(m) = -m**2 + 14*m - 35. What is h(12)?
-11
Let d(w) = 3*w**3 + 2*w**2 - w + 2. Calculate d(-2).
-12
Let b(j) = 22*j + 1. Determine b(-1).
-21
Let p(o) = -o**3 - 3*o**2 - 2*o + 2. Give p(-1).
2
Let o(c) = 4*c - 68. What is o(17)?
0
Let q(o) = 9*o + 182. Calculate q(-20).
2
Let n(k) = 4*k**3 - 1. Calculate n(1).
3
Let a(f) = -f**2 - 27*f - 7. Calculate a(-24).
65
Let r(i) = 6*i + 45. Calculate r(-6).
9
Let d(w) = w**3 - 9*w**2 - w + 92. Give d(7).
-13
Let j(i) = 6*i + 30. What is j(-4)?
6
Let p(f) = 16*f + 329. What is p(-20)?
9
Let w(q) = -q**3 + 4*q**2 - 6*q - 9. Give w(4).
-33
Let y(l) = -10*l. What is y(6)?
-60
Let d(z) = -z**3 + 23*z**2 + 28*z - 85. Give d(24).
11
Let h(j) = -j**3 + 8*j**2 - 14*j + 16. Determine h(6).
4
Let y(f) = 6*f + 64. Calculate y(-12).
-8
Let u(h) = -h**2 + 10*h - 13. Calculate u(12).
-37
Let f(w) = w**2 + 8*w - 15. Give f(-8).
-15
Let j(o) = 11*o - 433. Give j(39).
-4
Let o(f) = f + 4. Determine o(3).
7
Let k(s) = -5*s + 37. What is k(4)?
